 is the greatest common factor of h and s?
9
Suppose 4*k - 32 = 3*k. What is the greatest common factor of 288 and k?
32
Suppose 3*i - 85 = 2*l, -5*i - 2*l = -3*l - 137. Suppose -i = -4*t + t. What is the highest common divisor of 72 and t?
9
Suppose -3*g = -10 + 1. Suppose -4 = 2*p, 5*p - 3*p - 113 = -g*c. What is the greatest common divisor of c and 26?
13
Suppose -27 = -3*l + u - 4, 8 = 2*u. Let i(d) = -2*d**3 - 16*d**2 - 4*d - 14. Let m be i(-8). What is the greatest common factor of l and m?
9
Suppose 3*i = 3*l + 15, i + l + l + 7 = 0. Let t = i + 27. What is the highest common divisor of 4 and t?
4
Suppose 0 = 4*k + 3*o - 6*o - 49, -2*k = -4*o - 22. Let c be (1*39)/(-10 - -13). Calculate the greatest common divisor of k and c.
13
Suppose -r + 20 = 4. Suppose -106 = -5*w - l - 25, 4*l = 4. Calculate the greatest common divisor of w and r.
16
Suppose v - 2*f + 106 = 2*v, 0 = -2*f - 2. Calculate the greatest common divisor of 12 and v.
12
Let s be 4 - (20/1)/(-1). What is the greatest common factor of s and 6?
6
Suppose -217 = -3*m - 37. Let r be (-158)/(-10) - 32/40. What is the greatest common factor of r and m?
15
Let r(j) = j + 2. Let k be r(0). Let a(v) = 3*v**3 + 7*v**2 + 10*v + 4*v**2 + 3 - 2*v**3. Let g be a(-10). Calculate the greatest common divisor of k and g.
1
Let w = -3 + 6. Let v(l) be the third derivative of 19*l**4/24 + l**3/2 - 3*l**2. Let q be v(w). What is the greatest common divisor of 15 and q?
15
Suppose 4*g - 24 = -0*g. What is the highest common factor of g and 66?
6
Suppose -2*u = 3*j - 426, 4*j - 3*u = -u + 582. Calculate the greatest common divisor of 18 and j.
18
Let s be (21/(-63))/((-1)/759). Calculate the greatest common divisor of 11 and s.
11
Suppose -28*f + 32*f = 100. What is the highest common factor of 5 and f?
5
Let n be ((-6 - -2)/(-12))/(6/1116). Calculate the highest common factor of 155 and n.
31
Suppose -3*w - 126 = -6*w. Let z = w + -16. What is the highest common factor of z and 39?
13
Let u be ((-133)/(-38))/((-2)/(-116)). What is the greatest common divisor of u and 29?
29
Let b be (-228)/(-9) + (-1)/3. Suppose 17 = -5*s - 2*h, 5*s + h - 4 = -b. Let r = s - -12. Calculate the highest common divisor of 7 and r.
7
Let k = -7 - -12. Suppose -q - k = 3*z - 13, 2*z = 4*q - 18. Calculate the highest common factor of z and 5.
1
Let d be 1 + (-9)/((-45)/50). What is the greatest common factor of d and 11?
11
Let j be (-3)/42*-6 + 162/14. What is the highest common factor of 12 and j?
12
Suppose -5*b = 2*d - 0*d + 289, 2*b - 766 = 5*d. Let q = d + 240. Calculate the greatest common factor of 8 and q.
8
Suppose d - 105 = -2*l - 3*l, -4*l + 210 = 2*d. What is the highest common factor of 21 and d?
21
Let x be 0 + -1 + 0 + -193. Let c = -271 - x. Let l be (c/(-2))/(3/6). Calculate the highest common factor of 7 and l.
7
Let u be (36/(-15) + 2)/((-3)/90). What is the greatest common divisor of 18 and u?
6
Let t = 7 + 25. Suppose 0 = x + 4*d - 8 + 31, -2*x + 4*d = -14. Let s(o) = -o + 1. Let g be s(x). Calculate the highest common factor of g and t.
4
Let u = 73 + -15. Suppose 2*o - 50 - 11 = -3*y, 4*y - u = 2*o. Calculate the highest common factor of y and 17.
17
Let a = 17 + -29. Let x = 20 + a. Calculate the highest common divisor of 40 and x.
8
Let t(q) = 4*q**2 + 2*q + 1. Let i be t(-1). Suppose 0 = 2*f + z, -2*f - z = 3*f + 6. Let o be ((-4)/6)/(f/6). Calculate the highest common divisor of i and o.
1
Let j be 2 + -1 + 51/3. What is the greatest common divisor of j and 18?
18
Let h be 15*(7/(-3) + 4)*1. Suppose 0 = -x - 4*x + 1375. Calculate the greatest common divisor of h and x.
25
Let g = -20 + 24. What is the highest common factor of 2 and g?
2
Let g(a) = -3 + 2*a**2 + 3*a - 5*a - a**2. Let z be g(-3). Let r(o) = -o**3 + 4*o**2 + 6*o + 7. Let j be r(5). What is the greatest common factor of j and z?
12
Let r be ((-2)/(-5))/(2/(-10)). Let h be (3/6)/(1/r). Let i be 0 + h - 15/(-1). What is the greatest common factor of 14 and i?
14
Let r = 38 - 34. Calculate the highest common factor of r and 16.
4
Suppose b + 606 = 4*i - b, -3*b = -i + 149. What is the highest common factor of i and 19?
19
Let o be (-1)/5 + (-1134)/(-45). Suppose 2*b - o = 25. Calculate the greatest common factor of 10 and b.
5
Suppose -3*d = -81 - 3. Calculate the greatest common factor of 7 and d.
7
Let z(m) = -m**3 + 6*m**2 - 2*m + 6. Let q be z(4). Suppose -2*v + 13 = 3. What is the greatest common divisor of q and v?
5
Let v be 6*1/((-9)/(-6)). Suppose 2*i + 3*s - 159 = 0, v*i - 119 = -2*s + 219. Let z = i - 45. What is the greatest common divisor of 6 and z?
6
Let a be 4/12 + (-1)/3. Suppose -s + 7 + 4 = a. Calculate the greatest common factor of s and 88.
11
Let l(o) = -3*o + 9. Let b be l(-9). Suppose 2*r - b = 4*t, 3*t + 2*t = -2*r + 54. Let j = r + -9. Calculate the greatest common divisor of j and 13.
13
Let u be ((-4)/3)/(14/(-546)). Calculate the highest common divisor of 39 and u.
13
Suppose 6*u - 10 = 38. Suppose -3*k + 2*k - 3*s - 14 = 0, -4*s - 22 = -2*k. What is the highest common factor of k and u?
1
Let y = 83 + -56. Let b = 18 + y. Suppose -b = -5*m + 5. Calculate the greatest common factor of 40 and m.
10
Let r(h) = -h**3 + 2*h + 10. Let l be r(0). Suppose 2*y = -47 + 187. What is the greatest common divisor of l and y?
10
Suppose 5*n + 10 = 4*h + 72, 4*n + h - 37 = 0. Calculate the highest common divisor of n and 20.
10
Let k be ((-756)/35)/((-6)/75). Calculate the highest common divisor of 108 and k.
54
Suppose 3*x + 3*r + 0*r = -3, -3*r + 5 = x. Let n be 1227/(-33) + x/(-22). Let c = 57 + n. What is the highest common divisor of 10 and c?
10
Suppose 0 = 4*x + 36 + 20. Let f be (-766)/x - (-4)/14. Suppose 0 = -3*r + 6 + 9. Calculate the highest common factor of f and r.
5
Let l(j) = -4*j**3 + j**2 - 1. Let p be l(-1). Suppose 4*b - 4*m - 103 = -3*m, 74 = 3*b - p*m. What is the highest common factor of 65 and b?
13
Suppose -m - g = 2, m + 12 = -0*m - 3*g. What is the highest common divisor of m and 3?
3
Let j = 37 - 25. Calculate the highest common divisor of j and 60.
12
Let t = -21 + 26. What is the highest common divisor of t and 15?
5
Let z(y) = y**2 + 7. Let j(x) = x**2 - x + 6. Let k(s) = -5*j(s) + 4*z(s). Let c be k(3). Calculate the greatest common divisor of c and 16.
4
Let u(y) = 6*y**2 - y + 1. Let c be u(-2). Let r be 0 + 24 - (0 + -3). Calculate the highest common divisor of c and r.
27
Let s(m) = -8*m**2 + 2*m - 3. Let z be (3/(-2))/(3/(-4)). Let t be s(z). Let y = t + 108. What is the highest common factor of y and 11?
11
Let b be 0 + 0 + 2 + 0. Suppose 4*q - b*h - 139 = -h, -5*h + 61 = q. Calculate the highest common factor of q and 24.
12
Let i(v) = -v + 8. Let f be i(0). Let u = f + -12. Let y = u - -6. What is the greatest common factor of 4 and y?
2
Suppose 0 = -2*i + 1 + 3. Let j be i + (3 - 3 - -1). What is the greatest common divisor of j and 24?
3
Let q be 4/6 + (-14)/(-42). Calculate the highest common factor of q and 1.
1
Let g = -3 + 1. Let f be (6/(-3) + -4)*g. What is the greatest common divisor of 48 and f?
12
Let m = -12 - -20. Suppose d + 4*d = 0. Suppose d = 5*a - 78 - 22. Calculate the highest common divisor of a and m.
4
Let v(r) = -5*r**3 + r. Let k be v(-1). Suppose -3*j + 3*x = -66, 0 = 3*j + k*x + 4 - 56. Calculate the greatest common factor of j and 40.
20
Let u = 20 - -3. Let y be ((-6)/(-18))/(2/414). Let a be 0 - (3 - (3 + y)). Calculate the highest common factor of a and u.
23
Let n be ((-42)/(-4)*(-40)/(-6))/1. Let y(w) = w**3 - 4*w**2 - 2*w - 5. Let l be y(5). Calculate the highest common factor of l and n.
10
Let r be 30/(-4)*(27 - 5). Suppose 4*v = v - 12. Let o be r/(-35) - v/14. Calculate the highest common divisor of 20 and o.
5
Suppose 0 = n - 2*n - 4. Let z = 6 + n. Let g be 10 + 1 + (z - 3). What is the highest common divisor of 70 and g?
10
Suppose 4*l = 0, -3*s + 8*s - 50 = 4*l. Calculate the greatest common factor of 70 and s.
10
Let y(k) = k**2 + 5*k + 1. Let h be y(-5). Suppose -4*c = -2*c. Let j be 3 + 0 - (2 + c). What is the greatest common divisor of j and h?
1
Suppose -4*z + 14 = -22. What is the greatest common factor of z and 63?
9
Let x(t) = -t**3 + 6*t**2 + 10*t - 10. Let m be x(7). Let k = m + 0. What is the highest common divisor of k